-4*m + 4*y + 176 = 0. Calculate the remainder when 178 is divided by m.
40
Let i be 105/84 - (-5)/(-4). Suppose 4 - 14 = 2*s, i = -3*y + 5*s + 61. Let a(w) = w + 43. Calculate the remainder when a(0) is divided by y.
7
Let v be (-7 + 5)/(0 - (-2)/(-35)). Let b = 66 - v. What is the remainder when b is divided by 8?
7
Let b(o) = 3*o**2 + 17*o - 16. What is the remainder when b(7) is divided by 14?
12
Suppose -6*w + 18 = n - 9*w, 2*w + 10 = 0. Suppose 2*s + 4 + 0 = 0. Calculate the remainder when 12/10*(-5)/s is divided by n.
0
Let t = -95 + 114. Suppose 230 = 3*j - 163. Calculate the remainder when j is divided by t.
17
Let y = -28 - -55. Let g = 85 - 40. Let m = g - y. Calculate the remainder when 34 is divided by m.
16
Let l(h) = 2*h**2 - 14*h - 14. Calculate the remainder when 37 is divided by l(9).
15
Suppose 6*m + 42 + 18 = 0. Let p(j) = -9*j - 4. What is the remainder when p(m) is divided by 11?
9
Suppose 7*j - 2*j = 120. Let u = -29 - -148. Let i = u + -49. What is the remainder when i is divided by j?
22
Let v = 85 - 61. What is the remainder when 31 is divided by v/5*(-40)/(-12)?
15
Let h = -251 + 268. Calculate the remainder when 48 is divided by h.
14
Suppose -h - 3*i = -3*h + 309, -1 = i. Calculate the remainder when h is divided by 52.
49
Let f = 54 - 8. Calculate the remainder when 134 is divided by f.
42
Suppose y + 5*q - 39 = 0, 166 = 5*y - 5*q + q. What is the remainder when 119 is divided by y?
17
Let i = 1551 + -1319. What is the remainder when i is divided by 6?
4
Let l(z) = -z**3 + 8*z**2 + 5*z + 6. Suppose -23*q - 144 = -31*q. Calculate the remainder when l(8) is divided by q.
10
Suppose -5*s = -4*l + 225, 5*s - 175 = 66*l - 70*l. Calculate the remainder when 388 is divided by l.
38
Suppose -4*v = -2*j - 22, -4*v + 3*j + 19 = 2*j. Suppose -8*s = -v*s - 36. What is the remainder when 17 is divided by s?
8
Let d = -70 + 72. Calculate the remainder when 51 is divided by 17 + 0 + (-6)/d.
9
Suppose -3*w - 29 = 340. Let v = -79 - w. Calculate the remainder when v is divided by 17.
10
Let o = 282 + -206. Calculate the remainder when o is divided by 8.
4
Let t = 36 + -29. Suppose -4*i + t*i - 216 = 0. Suppose 0 = -4*v + p + 103, 0 = 3*v + 5*p - 0*p - 60. What is the remainder when i is divided by v?
22
Let w(x) = -x**3 + 3*x**2 + 7. What is the remainder when w(-6) is divided by 67?
63
Let s be (-307)/(-6) - 8/48. Let w = -27 + s. Suppose a = 5*d + 8 + 32, -227 = -5*a - 2*d. What is the remainder when a is divided by w?
21
Suppose 3*m - 9 = -g + 6*m, g = -3*m - 3. Let b be (0 - (4 - 1))*1. Let u = 0 - b. What is the remainder when u is divided by g?
0
Let a(u) = -4*u**2 - 22*u - 13. Let b = 18 + -35. Let z = b - -26. Calculate the remainder when a(-3) is divided by z.
8
Let d be -2 - (3/6)/(1/(-12)). Suppose v = -h + d + 7, h = 4*v - 39. Calculate the remainder when 27 is divided by v.
7
Suppose -4*v = -64 - 20. Let x = -2953 + 3012. What is the remainder when x is divided by v?
17
Let t(n) = n**2 - 7*n + 3. Suppose -2*g = -5*u + u + 46, -u + 4*g + 29 = 0. What is the remainder when 37 is divided by t(u)?
16
Suppose 103 = 2*r + 9. Let v = r - 41. What is the remainder when 34 is divided by v?
4
Let z(m) = -13*m - 167. What is the remainder when 89 is divided by z(-14)?
14
Suppose 5*c - 21 = 8*c. Let u(r) = -6*r - 16. Calculate the remainder when 51 is divided by u(c).
25
Let w(z) = -3*z**3 + 2*z**2 + 2*z + 1. Suppose 2*m = 3*d + 2*d - 24, -3*m + 5*d - 31 = 0. Let a = m + 6. What is the remainder when 13 is divided by w(a)?
1
Suppose 7*i = -2*i + 153. Calculate the remainder when i is divided by 5 - (2 + 3) - (-16 - 0).
1
Let k(u) = 176*u**3 - 3*u**2 + u + 2. Calculate the remainder when 356 is divided by k(1).
4
Let s be (-2)/4 + (-165)/(-2). Let v = s - 20. What is the remainder when v is divided by (-1)/(-3) + -3 + (-208)/(-6)?
30
What is the remainder when 72 is divided by (2 - 742/35)*(-5)/2?
24
Suppose -4 = -i + 1. Suppose -3*n + 6 = -12. Calculate the remainder when n is divided by i.
1
Let p(h) be the first derivative of -h**3/3 + 13*h**2/2 + 6*h + 353. Let g be (-38)/(-3) + (-1)/(-3). Calculate the remainder when 35 is divided by p(g).
5
Let n(i) = -1. Let m(q) = -5*q - 2. Let x(p) = -m(p) - 2*n(p). Calculate the remainder when 92 is divided by x(3).
16
Suppose -2*k + 4*t = -108, -2*k - 2*k - 2*t = -256. Calculate the remainder when k is divided by 14.
6
Let u(g) = -g**2 - g - 6. Let q be u(0). Suppose 5*i - 5*w = 65, 3*i = -8*w + 7*w + 39. Calculate the remainder when (2/q)/((-14)/1470) is divided by i.
9
Let k(f) = -151*f + 5. Let w be k(5). Let q = 53 + -21. What is the remainder when (-6)/(-4)*w/(-9) is divided by q?
29
Suppose 37*g - 1237 = 58. Calculate the remainder when g is divided by 9.
8
Suppose 0 = -12*c + 2013 - 369. What is the remainder when c is divided by 9?
2
Let x = -27 - -33. Let u(w) = w**2 - 2*w + 1. What is the remainder when x is divided by u(3)?
2
Let l = 381 + 35. Calculate the remainder when l is divided by 105.
101
Suppose 171*i - 170*i - 38 = 0. What is the remainder when i is divided by 8?
6
Suppose -4*a + 2*r + 103 = -83, 54 = a - 3*r. Suppose -7*p = -12*p + a. What is the remainder when 44 is divided by p?
8
Suppose 14*c - 516 = 8*c. What is the remainder when c is divided by 18?
14
Let f = -12 - -35. Suppose 185 - f = 3*l. What is the remainder when l is divided by 11?
10
Calculate the remainder when (-304)/(-10)*95/38 is divided by 22.
10
Suppose 5*k = -10, 5*q = -5*k - 33 + 233. Suppose -q + 6 = -2*w + 4*f, -5*f = 25. What is the remainder when 85 is divided by w?
5
Let r(t) = -2*t - 7. Let u be r(7). Let k(p) = -2*p - 32. What is the remainder when 17 is divided by k(u)?
7
Suppose 99*c + 1006 - 5659 = 0. Calculate the remainder when c is divided by 30.
17
Let h(d) = -31*d**3 - d - 1. Suppose -289 = -5*l + 6. What is the remainder when l is divided by h(-1)?
28
Let x(j) = -j**3 - 21*j**2 - 19*j + 24. Let n be x(-20). Suppose -b + 3*k + 26 = 0, n*b - 60 = 2*b - 2*k. What is the remainder when b is divided by 8?
5
Let h(c) = -11*c - 8. Let x be 75/(-11) - 6/33. Suppose -4*p = 0, 3*p - 3 = v - 27. What is the remainder when h(x) is divided by v?
21
Let g(s) = -s**2 + s - 2. Let q be g(3). Let v = 22 + q. Suppose -88*c + 79*c + 495 = 0. What is the remainder when c is divided by v?
13
Let x(q) = -5*q + 28. Let l be (-640)/90 + 2/18. Let n(y) = -y**3 - 6*y**2 + 3*y - 9. What is the remainder when x(-9) is divided by n(l)?
16
Let r(l) = l + 5. Let t(o) = -3*o - 9. Let x(s) = -5*r(s) - 3*t(s). Let m be x(7). Calculate the remainder when 9 is divided by (4/(-10))/((-3)/m).
1
Suppose -3*i = -i + 70. Let y(d) = -d**3 + 15*d**2 + 19*d - 14. Calculate the remainder when y(16) is divided by (i/(-15))/(2/6).
6
Let l = 15 + -11. Let b(z) = -z**3 + 6*z**2 + 3*z - 12. Suppose 2*h = h + 6. Calculate the remainder when b(h) is divided by l.
2
Let y(d) = 3*d**3 - d**2 + 2. Let j = -22 + 27. Let z(q) = 8*q + 1. What is the remainder when z(j) is divided by y(2)?
19
Let k(x) = -16*x - 49. Let i be k(-9). Let j = -21 + -38. Let d = j + i. Calculate the remainder when d is divided by 13.
10
Let c be ((-24)/16)/((-6)/8). Suppose 0 = -5*q - 2*s + 35, -q + 0*q - c*s - 1 = 0. Suppose q = -3*p + 42. Calculate the remainder when p is divided by 4.
3
Let y(g) = 58*g + 301. What is the remainder when 298/10 - (-3)/15 is divided by y(-5)?
8
Let b = -664 + 415. Let l = b - -148. Let j = -47 - l. What is the remainder when j is divided by 14?
12
Let l = -4 - -11. Suppose 11 - 424 = -l*u. Calculate the remainder when u is divided by 10.
9
Let h(k) = -k**2 - 40*k + 50. What is the remainder when 13 is divided by h(-41)?
4
Let p = -565 - -639. Calculate the remainder when 140 is divided by p.
66
Let x(h) = -272*h + 9. Let f be x(3). What is the remainder when f/(-12) - 2/8 is divided by 23?
21
Let u = 45 - 3. Suppose 2 + 86 = 4*m - 4*o, -66 = -3*m - 4*o. What is the remainder when u is divided by m?
20
Let g(a) = 11*a**2 + 3*a - 2. Let o be g(1). Let y = 21 + o. Let v(x) = 6*x**2 - x + 1. Calculate the remainder when y is divided by v(1).
3
Let v(g) = -31*g**3 + 2*g**2 - 2*g - 3. Calculate the remainder when v(-1) is divided by 17.
15
Suppose 0*g - 48 = -8*g. Suppose 5*w - 15 = -n + 19, -g = -w - n. Let m(f) = -f**2 - 9*